{"id":84,"date":"2013-03-21T00:19:52","date_gmt":"2013-03-20T22:19:52","guid":{"rendered":"http:\/\/www.kita-lachundkrach.de\/?page_id=84"},"modified":"2017-02-27T19:54:26","modified_gmt":"2017-02-27T17:54:26","slug":"bildung-in-der-kita","status":"publish","type":"page","link":"https:\/\/www.kita-lachundkrach.de\/?page_id=84","title":{"rendered":"Bildung in der Kita"},"content":{"rendered":"<p>Es ist uns ein wichtiges Anliegen die Kinder in ihrer Entwicklung zu unterst\u00fctzen und zu f\u00f6rdern.<\/p>\n<p>Wir wollen dabei ihre Neugier und ihr Vergn\u00fcgen am Lernen erhalten.<\/p>\n<p>Dazu brauchen sie einen \u00fcberschaubaren Rahmen, der sie darin unterst\u00fctzt, sich an Problemen zu messen und sie zu \u00fcberwinden. Der ihnen auch erm\u00f6glicht, sich im Miteinander der Gruppe zu orientieren, sich zu behaupten, sich selbst zu verstehen, Konflikte zu l\u00f6sen und Mitgef\u00fchl mit anderen zu haben.<\/p>\n<p>In diesem Sinne arbeiten wir mit dem Berliner Bildungsprogramm.<\/p>\n","protected":false},"excerpt":{"rendered":"<p>Es ist uns ein wichtiges Anliegen die Kinder in ihrer Entwicklung zu unterst\u00fctzen und zu f\u00f6rdern. Wir wollen dabei ihre Neugier und ihr Vergn\u00fcgen am [&hellip;]<\/p>\n","protected":false},"author":1,"featured_media":0,"parent":0,"menu_order":0,"comment_status":"closed","ping_status":"closed","template":"sidebar-page.php","meta":{"ngg_post_thumbnail":0},"_links":{"self":[{"href":"https:\/\/www.kita-lachundkrach.de\/index.php?rest_route=\/wp\/v2\/pages\/84"}],"collection":[{"href":"https:\/\/www.kita-lachundkrach.de\/index.php?rest_route=\/wp\/v2\/pages"}],"about":[{"href":"https:\/\/www.kita-lachundkrach.de\/index.php?rest_route=\/wp\/v2\/types\/page"}],"author":[{"embeddable":true,"href":"https:\/\/www.kita-lachundkrach.de\/index.php?rest_route=\/wp\/v2\/users\/1"}],"replies":[{"embeddable":true,"href":"https:\/\/www.kita-lachundkrach.de\/index.php?rest_route=%2Fwp%2Fv2%2Fcomments&post=84"}],"version-history":[{"count":4,"href":"https:\/\/www.kita-lachundkrach.de\/index.php?rest_route=\/wp\/v2\/pages\/84\/revisions"}],"predecessor-version":[{"id":226,"href":"https:\/\/www.kita-lachundkrach.de\/index.php?rest_route=\/wp\/v2\/pages\/84\/revisions\/226"}],"wp:attachment":[{"href":"https:\/\/www.kita-lachundkrach.de\/index.php?rest_route=%2Fwp%2Fv2%2Fmedia&parent=84"}],"curies":[{"name":"wp","href":"https:\/\/api.w.org\/{rel}","templated":true}]}}